 in base 9?
-3213520
What is -20a7a07 (base 13) in base 9?
-20654430
15440076 (base 8) to base 10
3555390
101011011000110101100 (base 2) to base 15
1d13ca
79103 (base 11) to base 10
114590
What is -1101111010010111 (base 2) in base 7?
-325063
-1111101010101110000 (base 2) to base 9
-862215
Convert 20012203202 (base 4) to base 13.
594a0a
Convert -23430014 (base 6) to base 10.
-734842
Convert 1000000011111101100 (base 2) to base 12.
108a64
Convert 96606 (base 10) to base 3.
11220112000
Convert -120310220 (base 4) to base 10.
-101672
What is -6320013 (base 8) in base 2?
-110011010000000001011
What is 2118731 (base 9) in base 12?
468947
What is -4f65bd (base 16) in base 10?
-5203389
What is -3bcc1b3 (base 13) in base 6?
-1513453405
Convert 321716 (base 11) to base 3.
222010221101
What is 1a53903 (base 12) in base 4?
111103121103
-10a064a (base 13) to base 11
-2982932
Convert -2302413 (base 6) to base 5.
-12222400
Convert 16276056 (base 8) to base 15.
4e63b2
What is -776053 (base 9) in base 7?
-3640605
Convert -111102231 (base 4) to base 15.
-1ac93
83f85 (base 16) to base 9
1013440
19c514 (base 13) to base 14
130ca4
-40492 (base 10) to base 5
-2243432
-11221100221022 (base 3) to base 16
-280e3b
Convert -133324411 (base 7) to base 13.
-1a38cb7
Convert 2dad99 (base 14) to base 13.
442814
Convert 1000111100001011 (base 2) to base 3.
1212020021
-523150041 (base 6) to base 12
-3075321
What is -324539 (base 10) in base 7?
-2521115
What is -cbe7e (base 15) in base 13?
-198b90
What is -2c9c63 (base 14) in base 9?
-2843077
What is -47514 (base 9) in base 6?
-403021
What is 102122133 (base 4) in base 15?
17533
Convert -6b28b (base 14) to base 10.
-261195
Convert -101412223 (base 6) to base 9.
-3271136
23b3b5b (base 13) to base 11
6295255
What is -2322311 (base 4) in base 5?
-340312
Convert -12127301 (base 9) to base 3.
-102010221100001
-235189 (base 13) to base 14
-17bd4c
689251 (base 10) to base 6
22434551
Convert -327760 (base 9) to base 15.
-3d113
Convert 123101443 (base 5) to base 4.
2101302003
What is -11010002112011 (base 3) in base 9?
-4102464
Convert 24432403 (base 5) to base 15.
492a3
Convert -33040023 (base 7) to base 9.
-5287366
Convert -10111101122200 (base 3) to base 7.
-21535551
Convert 621416 (base 8) to base 14.
54cc6
What is -958c9 (base 15) in base 3?
-220002212200
abb699 (base 15) to base 16
7cf53c
Convert -10413430 (base 5) to base 9.
-148753
-981338 (base 12) to base 11
-13a493a
What is -19300 (base 16) in base 7?
-606532
What is 120111201020202 (base 3) in base 13?
1927358
Convert 2300430 (base 6) to base 14.
307d0
Convert 5512404 (base 6) to base 4.
1002321310
What is -176031a (base 12) in base 6?
-252002034
2032430 (base 6) to base 15
1de99
What is -123121210 (base 4) in base 10?
-112228
2281e (base 15) to base 11
75575
Convert 1594918 (base 11) to base 13.
740a26
What is 690a8 (base 12) in base 5?
13440341
Convert 669075 (base 10) to base 5.
132402300
Convert 155526005 (base 7) to base 11.
5a64150
Convert 8897599 (base 10) to base 11.
5027997
What is -34101412 (base 6) in base 2?
-11111100100101010000
Convert 1151103 (base 6) to base 15.
131cc
What is 6dd9 (base 16) in base 10?
28121
What is -443a108 (base 11) in base 6?
-434530402
Convert -224104 (base 5) to base 8.
-17535
What is -11433244 (base 6) in base 8?
-1303534
What is -44150635 (base 7) in base 8?
-16361754
4cdd59 (base 16) to base 15
69786b
-21a55c (base 13) to base 15
-10a40e
-13a43 (base 13) to base 8
-110041
-563786 (base 9) to base 6
-11122123
5555553 (base 9) to base 3
12121212121210
-2210010100001 (base 3) to base 6
-51405344
351aac (base 15) to base 6
130213313
What is -301171 (base 9) in base 2?
-101011011101100101
What is 7c8bed (base 15) in base 14?
b0d579
Convert -1429499 (base 12) to base 16.
-3da175
What is 1e345a (base 15) in base 8?
5511103
-1044424311 (base 5) to base 7
-25624214
Convert 2610 (base 16) to base 10.
9744
What is 9ba4d0 (base 16) in base 14?
14d742c
What is 17a486 (base 11) in base 15?
57301
What is -241738 (base 10) in base 4?
-323001022
What is -153282 (base 11) in base 2?
-111010001111110101
286945 (base 10) to base 7
2303401
What is 1101011111111110000010 (base 2) in base 5?
1401220233
Convert -31132013031 (base 4) to base 11.
-1aa2064
-1111001010010 (base 2) to base 15
-2477
Convert 756545 (base 14) to base 10.
3974353
Convert 510747 (base 9) to base 10.
302416
Convert -72828 (base 10) to base 8.
-216174
What is 10111000010110001011 (base 2) in base 6?
24103431
331020320 (base 4) to base 16
3d238
What is 4b9932 (base 12) in base 7?
13354031
Convert 2f3c6 (base 16) to base 7.
1434035
What is 100232311 (base 4) in base 8?
205665
46726212 (base 8) to base 13
2162946
What is -174113 (base 9) in base 10?
-107985
What is -3366715 (base 8) in base 13?
-25c65b
-20225 (base 15) to base 13
-373ca
Convert 122200021 (base 3) to base 13.
5b33
102121120221 (base 3) to base 6
4522211
What is -581d2 (base 15) in base 2?
-1000100011111100011
bd72 (base 16) to base 6
1012310
What is 1333213302 (base 5) in base 12?
1187549
What is 29c6a (base 13) in base 2?
10011010010100011
Convert -100111101101011111000 (base 2) to base 3.
-2110002222002
-10411124 (base 5) to base 2
-10110010100010110
Convert 2a30b7 (base 12) to base 8.
2553313
76b1c6 (base 13) to base 4
22222112203
What is -10110111011011000111100 (base 2) in base 3?
-102022100202110
Convert -7843970 (base 10) to base 13.
-1818404
-108081 (base 13) to base 16
-5ef6e
d05967 (base 14) to base 12
241b187
8283 (base 14) to base 4
11132323
What is -904c98 (base 15) in base 9?
-13801368
-12955a (base 14) to base 4
-2130112130
What is -1010000000100101101 (base 2) in base 8?
-1200455
What is 96cb (base 15) in base 14?
b8ba
What is 32b482 (base 15) in base 11?
1401358
What is -3021313 (base 5) in base 6?
-1011433
-1150a07 (base 11) to base 14
-3a35d8
Convert 5ba23 (base 13) to base 14.
45695
What is 130305134 (base 7) in base 6?
453344412
What is -22301013321 (base 4) in base 13?
-77aa0b
What is -11100000011000 (base 2) in base 13?
-66c8
What is -2761e (base 15) in base 9?
-212162
Convert -631b5 (base 13) to base 7.
-1341515
-143115a (base 11) to base 13
-682346
What is -2010335 (base 6) in base 11?
-651a7
Convert -748132 (base 10) to base 16.
-b6a64
-10204104044 (base 5) to base 11
-5a997a4
What is 13031203001 (base 4) in base 11?
10813a4
What is aa842 (base 12) in base 11?
144751
What is -b6920 (base 14) in base 6?
-13240520
-123140231 (base 6) to base 8
-11100673
Convert 4a940 (base 12) to base 11.
6a345
26510346 (base 7) to base 16
2539ad
What is -1154421 (base 7) in base 5?
-14214134
What is -68152 (base 12) in base 2?
-100001110011001110
23443102 (base 5) to base 13
7860a
Convert -10664231 (base 7) to base 2.
-11100101100011111011
402544 (base 9) to base 2
111010001000010011
Convert -bda846 (base 14) to base 6.
-350043502
What is -20847773 (base 9) in base 5?
-10034222220
What is -3073523 (base 9) in base 6?
-55113503
Convert 74ba2a (base 13) to base 12.
b01218
10011010011011111111 (base 2) to base 10
632575
Convert 6a0aa (base 13) to base 14.
5071a
95cb61 (base 13) to base 4
31121212220
332141 (base 16) to base 15
462c9e
Convert 2b6bb9 (base 12) to base 6.
23451553
What is 202234 (base 11) in base 5?
40400133
What is -918482 (base 10) in base 16?
-e03d2
What is -4041141222 (base 5) in base 16?
-7c4e05
What is -2241273 (base 8) in base 12?
-253277
Convert -21120200121 (base 3) to base 2.
-100100011011100010
-948266 (base 12) to base 2
-1000111010011101101110
What is -231312101 (base 6) in base 9?
-8028371
Convert 2101220101 (base 3) to base 7.
254641
Convert -1180880 (base 10) to base 11.
-737238
What is b0575 (base 12) in base 5?
24311110
What is -e43946 (base 15) in base 2?
-101001010111111100001110
Convert 26273c (base 13) to base 2.
11100000100000011100
What is -10661261 (base 7) in base 2?
-11100101010100001011
What is -5473 (base 15) in base 16?
-45db
529477 (base 10) to base 11
331893
What is -1032123331 (base 4) in base 15?
-652d7
What is 1011101101011011001 (base 2) in base 7?
3155450
What is -1525206 (base 7) in base 11?
-132559
103373 (base 12) to base 13
8bb18
What is -2c878 (base 15) in base 5?
-14044123
Convert -108d68 (base 16) to base 8.
-4106550
What is 27707 (base 9) in base 6?
22301